NOAA-Style Climate Reports

Select a Year or Month report
2024: Jan Feb Mar Apr May Jun Jul Aug Sep Oct Nov Dec
2023: Jan Feb Mar Apr May Jun Jul Aug Sep Oct Nov Dec

Report for 2024 April

Daily NOAA report



                            MONTHLY CLIMATOLOGICAL SUMMARY for APR. 2024

NAME: GWX5   CITY: Greeneville STATE: TN
ELEV: 0 LAT: 036:09:00 LONG: 0082:48:00

                            TEMPERATURE ( °F), RAIN (in.), WIND SPEED (mph)

                                               HEAT     COOL           AVG
      MEAN                                     DEG      DEG            WIND                       DOM
DAY   TEMP    HIGH   TIME     LOW    TIME      DAYS     DAYS    RAIN   SPEED    HIGH    TIME      DIR
--------------------------------------------------------------------------------------------------------
01    68.3   077.5   16:40    61.0   02:23     00.0     03.4   00.00   02.3     13.8    14:44      SW
02    70.1   078.1   16:06    59.9   08:06     00.0     05.1   00.00   02.5     14.9    13:32     SSW
03    53.3   072.3   00:46    40.3   23:17     11.6     00.0   00.79   03.9     23.0    04:35      SW
04    42.1   048.0   17:18    37.2   03:11     22.8     00.0   00.03   04.5     17.3    06:34     WSW
05    40.6   044.8   16:29    34.5   07:32     24.3     00.0   00.00   03.1     11.5    15:25     WSW
06    45.0   057.4   18:03    32.9   07:21     19.9     00.0   00.00   01.6     09.2    22:50     WNW
07    52.6   067.6   16:41    33.6   07:19     12.3     00.0   00.00   01.9     09.2    12:54      NE
08    57.2   066.2   13:01    51.1   05:14     07.8     00.0   00.03   01.2     08.1    11:32     WNW
09    56.0   059.9   19:16    52.0   04:23     09.0     00.0   00.37   01.0     08.1    13:47      NW
10    62.1   070.5   17:20    52.9   01:58     02.9     00.0   00.03   03.4     31.1    23:36     ESE
11    65.0   073.2   14:44    50.9   00:00     00.0     00.1   00.67   06.9     28.8    12:28     SSE
12    50.2   056.5   12:24    44.6   00:00     14.8     00.0   00.30   04.2     17.3    12:33     WSW
13    56.4   068.9   18:27    44.2   00:58     08.5     00.0   00.00   02.8     10.3    13:06     WSW
14    65.5   079.5   16:57    47.3   07:31     00.0     00.6   00.00   02.3     16.1    14:36      SW
15    71.6   082.0   16:53    62.2   06:50     00.0     06.7   00.00   01.7     11.5    14:26      SW
16    71.8   080.4   18:07    61.5   07:58     00.0     06.9   00.00   01.5     12.7    20:50     ESE
17    69.3   074.3   16:03    59.7   00:00     00.0     04.4   00.01   02.0     12.7    16:32      SW
18    67.9   082.6   16:28    56.5   03:51     00.0     02.9   00.00   01.0     08.1    17:24     WSW
19    67.6   074.7   15:16    62.4   09:42     00.0     02.7   00.11   01.2     10.3    14:28      SW
20    58.5   064.0   18:11    50.7   00:00     06.4     00.0   00.12   01.1     11.5    17:02     SSW
--------------------------------------------------------------------------------------------------------
59.6 (59.3)   82.6  day 18     32.9  day 06   140.2    032.7   02.45   02.5     31.1   day 10      SW
Min <  86: 20
Max Rain: 0.79 ON 3-04-24
Days of Rain: 9 (> .008in) 6 (> .08in) 0 (> 0.8in)